f r?
5
Let m(p) = 6040*p - 8. What is the hundreds digit of m(1)?
0
Let b(j) = 218*j - 318. What is the units digit of b(28)?
6
Let d(g) = g**3 + 12*g**2 + 7*g - 57. Let s be d(-11). What is the tens digit of 97*17 - (s - -6)?
5
Suppose 4*k = -2*m + 29308, m + 630*k - 627*k = 14659. What is the tens digit of m?
4
Let j(k) = -k**3 + 48*k**2 + 128*k + 84. What is the units digit of j(43)?
3
Let m be 52/(-3)*18/12. Let r = -35 - m. Let p(t) = 2*t**3 + 17*t**2 - 12*t - 2. What is the units digit of p(r)?
5
Suppose -2*p = 3*m - 4230 - 2707, p - 3479 = -5*m. What is the hundreds digit of p?
4
Suppose 175*o - 409860 = 13*o. What is the units digit of o?
0
Suppose 3*b - 24 = -3*k, 2*k + 2 = -3*b + 7*b. Suppose -2*f + 63 = k*f. What is the units digit of f?
9
Let r = -70 + 86. Let i be (92/r)/((9/12)/3). What is the units digit of ((-4)/(-6))/(-1 - i/(-21))?
7
Let a = -4 - -17. What is the thousands digit of (2/6)/(a*15/697905)?
1
Let m = 1803 - -2409. What is the tens digit of m?
1
Let j be (-6*1)/(6/(-21)) - 1. Suppose j*i = 23*i - 15. Suppose -i*g + 62 = -68. What is the units digit of g?
6
Let g(a) = a**3 + 10*a**2 + 16*a + 4. Let p be g(-8). Suppose 2*z - 185 = -5*h + 7*z, 0 = -4*z + p. What is the units digit of h?
8
What is the tens digit of (-4452)/4*14/(-42)?
7
Let k(s) = -s**3 + 21*s**2 - 22*s - 25. Suppose 31*f + 55 - 582 = 0. What is the tens digit of k(f)?
5
Let v = 327 + -307. Suppose -6*q + 10*q = -2*p + 1118, -v = 4*p. What is the hundreds digit of q?
2
Suppose -9042 = -4*t + 3542 - 1072. What is the units digit of t?
8
Let n(y) = -2*y**2 - 14*y + 36. Let o be n(-9). Suppose -2*c - a + 1053 = o, 3*c - 6*c - a + 1579 = 0. What is the hundreds digit of c?
5
Let w(b) = 89*b**3 + 3*b**2 - b - 3. Let h be w(-1). Suppose 824 = 4*m + 3*u, -2*u = -5*m + 823 + 207. Let i = h + m. What is the hundreds digit of i?
1
Suppose -7*t - 375 = -5*r - 3*t, r + 3*t - 56 = 0. Let f = 73 - r. Suppose 2*g + f*n - 82 = 0, 0 = 2*g - 4*n - 117 + 41. What is the units digit of g?
0
Suppose 312*b - 310*b = 12. Suppose b*q - q - 1680 = 5*p, q - 340 = -3*p. What is the tens digit of q?
3
Suppose 67 = -4*x + 59, 3*x = -4*l + 97522. What is the ten thousands digit of l?
2
Let w(x) = 157*x - 88. Let p be w(10). What is the units digit of p + (6 + -8)*1?
0
Let r = -1136 - -3755. What is the thousands digit of r?
2
What is the units digit of 6100462/852 + (-3)/18?
0
Let r(f) = -2*f**2 + 34*f + 13. Let x be r(17). What is the tens digit of (-2)/(-4) - ((-29367)/18)/x?
2
Let d = 4725 - 3860. What is the units digit of d?
5
Let s = -24 + 9. Let j = s - -185. Suppose 4*b = -3*k + j, -k + 0*k + 2*b + 60 = 0. What is the tens digit of k?
5
Let j(b) be the second derivative of -3*b + 1/20*b**5 - 4*b**2 - 1/6*b**4 + 0 - 4/3*b**3. What is the tens digit of j(6)?
8
Let u = 12340 + -7283. What is the units digit of u?
7
Let i = 1264 + -634. Suppose -11*m = 3*m - i. Suppose -39 = -2*f + 5*a, -5*f + 10*f + 5*a - m = 0. What is the tens digit of f?
1
Suppose -4*f + 4*a = -2*f + 326, 2*f + a = -326. Let v be ((-502)/7)/(42/(-147)). Let p = f + v. What is the units digit of p?
8
Suppose 0 = 131*p - 112*p - 425049. What is the ten thousands digit of p?
2
Suppose -313268 - 27382 = -30*n. What is the thousands digit of n?
1
Let c(h) = -h**3 + 27*h**2 + 80*h - 44. What is the ten thousands digit of c(-25)?
3
Suppose -1392 = -11*f - 512. What is the tens digit of (168 + 0)/(82 - f)?
8
Let h be 6/(1/(-4) + 1). Suppose h*g + 1430 = 13*g. Suppose 5*u + g = 3*i - i, -3*i - u = -412. What is the units digit of i?
8
Let f = 51919 - -5519. What is the thousands digit of f?
7
Let d = 18267 + -8168. What is the ten thousands digit of d?
1
Suppose 159*r - 4871224 = 2201573. What is the units digit of r?
3
Let n = 12469 - -15019. What is the ten thousands digit of n?
2
Let j = -1523 - -11175. What is the hundreds digit of j?
6
Let c = 247 - 59. Suppose c - 986 = -3*d. What is the units digit of d?
6
Suppose 5*c - 4*i = 34625, -21*c + 20*c + 2*i + 6919 = 0. What is the thousands digit of c?
6
Let i be -4 - 12/(-4) - (-6)/2. Suppose 4*b - 371 = -p, p = -i*p - 2*b + 1093. What is the units digit of p?
3
Let u be (-12792)/20 + -6 - (-8)/(-20). Let o = u - -1580. What is the hundreds digit of o?
9
Let k = 10 - 7. Let m be -60*(1 - 92/16). Suppose k*r - t = -3*t + m, 0 = r + 4*t - 95. What is the units digit of r?
5
What is the thousands digit of -10 - (-13716)/(-30)*3*-10?
3
What is the hundreds digit of 13*-1 + -47 + 5174?
1
Suppose 0 = 2*x + 4*k - 2740, 14*k = 2*x + 10*k - 2732. Let y = x - 474. What is the units digit of y?
4
Let w be 1*(3/(-9) + 2162/(-3)). Let u = w - -1013. What is the hundreds digit of u?
2
Suppose 0 = -15*c + 16*c + 168. Let d = c - -281. Suppose 95 = 2*n - d. What is the hundreds digit of n?
1
Let u(r) = -r + 1. Let n be u(-4). Suppose n*c = 3*d + 1018 - 4340, c - 3346 = -3*d. What is the units digit of d?
4
What is the ten thousands digit of 2/(-15) - (-22 + 6757662/(-90))?
7
Let b(u) = -6*u + 44. Let o be b(7). Suppose 4*m + 17 = -a, o*m + 3 + 3 = 2*a. Let v(i) = -25*i. What is the tens digit of v(a)?
2
Let h = -1129 + 1133. Let q = -56 - -184. Suppose 8*s - h*s = q. What is the tens digit of s?
3
Let y(f) = f**3 - 4*f**2 + 20*f - 12. Let j be y(-7). Let r = j + 1131. What is the hundreds digit of r?
4
Suppose -7*c = -12574 - 4562. Suppose 3*w = 4*k + 1837, 7*k - 2*k + c = 4*w. What is the units digit of w?
7
Let o(s) = s**3 + 12*s**2 - 11*s + 31. Let l be o(-13). Suppose -281 = -3*i - l. What is the units digit of i?
2
Suppose 3*i + 294 = v, 3*v - 4*i - 608 = 294. Let m = -244 + v. What is the tens digit of m?
6
What is the thousands digit of ((-32736)/(-396))/(2/483)?
9
Suppose -x - 16 = -4*m + 26, 2*m = x + 40. Let h = -214 + 111. Let k = x - h. What is the tens digit of k?
6
Let h be (-23)/2*-2*(1 - 0). Let w(q) = -q**3 + 24*q**2 - 24*q + 29. Let j be w(h). Suppose -4*b = -j*b + 112. What is the units digit of b?
6
Let y = 9696 + -3678. What is the thousands digit of y?
6
Let m(v) = -551*v + 11. Let y be m(2). Let j = -638 - y. What is the units digit of j?
3
Suppose -14*k + 12*k = -2*u - 63016, -2*k - 157512 = 5*u. What is the hundreds digit of (-4)/18 + u/(-99)?
3
Let j = -108 - -135. What is the units digit of 9/j - (-5390)/21?
7
Suppose 5*r - 1 = j, -4*r + 2*j - 7 = -3. Let a be 5/(-6 + r) + 3. Suppose -z - 3*h = 3, -5 = 2*z + 5*h - a. What is the units digit of z?
6
Let b = 35254 + -27675. What is the units digit of b?
9
Let z = -31 - -19. Let c be ((-2)/(-6))/(2/z). Let a = c - -80. What is the tens digit of a?
7
Suppose -22*v = -36*v + 16786. What is the hundreds digit of (114/(-4))/(v/308 - 4)?
2
Suppose -8*z = 86*z - 2819543 - 799269. What is the tens digit of z?
9
Let d(c) = -3*c - 1 - 2 - 545*c - 120*c. What is the units digit of d(-1)?
5
Suppose -569*r = 578*r - 1168*r + 1011969. What is the ten thousands digit of r?
4
Let a = -5328 + 13746. What is the units digit of a?
8
Suppose 2*l - 2*f = 2*f + 252, f = 4*l - 518. Suppose t + 2 = -5*c - 8, l = -3*t + 5*c. Let k = t - -36. What is the units digit of k?
1
Let a = 177 + -71. Let i = 364 - a. What is the units digit of i?
8
Suppose -1804*i + 1818*i - 21798 = 0. What is the hundreds digit of i?
5
Suppose -4031 - 582 = -7*b. Suppose 0 = -x + 4*k + b, -3 = -4*k + 1. What is the units digit of x?
3
Suppose 3*i - 8*c - 14 = -3*c, c = -2*i - 8. What is the tens digit of 432 + (-5)/10*1*i?
3
Suppose -45 = -4*w + 3. Let q be 120*(-3)/(3 - w). Suppose -4*y = 4*t - 136, -2*t + 5*y = -0*t - q. What is the tens digit of t?
3
Let y be (-1 - 10/(-2))*(-24)/(-16). Suppose y*g = 5*g. What is the units digit of (g - 3)/(-9)*9 - -15?
8
Let l = 25825 - 1877. What is the hundreds digit of l?
9
Suppose 0 = -2*m - 4*b + 67990, -5*m = -m - b - 135971. What is the thousands digit of m?
3
Let o(p) = -p**2 + 21*p + 29. Let j be o(22). Suppose -8*n + 465 = -j*n. What is the hundreds digit of n?
4
Let g = -10061 - -13666. What is the hundreds digit of g?
6
Let x(j) = 83*j**2 - 36*j + 286. What is the units digit of x(12)?
6
Let w = -7 + 13. Let b(i) = -2*i - 19 + 7 + 29. What is the units digit of b(w)?
5
Let g = -17193 - -43863. What is the tens digit of g?
7
Let i(u) = 84*u**3 + 10*u**2 - 21*u + 15. What is the tens digit of i(5)?
6
L